{"id":1695,"date":"2019-12-14T12:20:42","date_gmt":"2019-12-14T11:20:42","guid":{"rendered":"http:\/\/www.harmoniekunstadelt.nl\/?page_id=1695"},"modified":"2024-03-01T22:18:46","modified_gmt":"2024-03-01T21:18:46","slug":"contact-opnemen-met-vertrouwenspersoon","status":"publish","type":"page","link":"https:\/\/harmoniekunstadelt.nl\/?page_id=1695","title":{"rendered":"Vertrouwenspersoon"},"content":{"rendered":"\n<p>Via onderstaande mailadressen kun je contact opnemen met \u00e9\u00e9n van de twee vertrouwenspersonen van Harmonie Kunst Adelt.<\/p>\n\n\n\n<p>Voor Corn\u00e9 van Hout, mail <a href=\"mailto:cjpgvanhout@gmail.com\">cjpgvanhout@gmail.com<\/a><\/p>\n\n\n\n<p>Voor Gabby Wagenaars, mail <a href=\"mailto:gabby@harmoniekunstadelt.nl\">gabby@harmoniekunstadelt.nl<\/a><\/p>\n","protected":false},"excerpt":{"rendered":"<p>Via onderstaande mailadressen kun je contact opnemen met \u00e9\u00e9n van de twee vertrouwenspersonen van Harmonie Kunst Adelt. Voor Corn\u00e9 van Hout, mail cjpgvanhout@gmail.com Voor Gabby Wagenaars, mail gabby@harmoniekunstadelt.nl<\/p>\n","protected":false},"author":1,"featured_media":0,"parent":0,"menu_order":0,"comment_status":"closed","ping_status":"closed","template":"","meta":{"footnotes":""},"class_list":["post-1695","page","type-page","status-publish","hentry"],"_links":{"self":[{"href":"https:\/\/harmoniekunstadelt.nl\/index.php?rest_route=\/wp\/v2\/pages\/1695","targetHints":{"allow":["GET"]}}],"collection":[{"href":"https:\/\/harmoniekunstadelt.nl\/index.php?rest_route=\/wp\/v2\/pages"}],"about":[{"href":"https:\/\/harmoniekunstadelt.nl\/index.php?rest_route=\/wp\/v2\/types\/page"}],"author":[{"embeddable":true,"href":"https:\/\/harmoniekunstadelt.nl\/index.php?rest_route=\/wp\/v2\/users\/1"}],"replies":[{"embeddable":true,"href":"https:\/\/harmoniekunstadelt.nl\/index.php?rest_route=%2Fwp%2Fv2%2Fcomments&post=1695"}],"version-history":[{"count":5,"href":"https:\/\/harmoniekunstadelt.nl\/index.php?rest_route=\/wp\/v2\/pages\/1695\/revisions"}],"predecessor-version":[{"id":2493,"href":"https:\/\/harmoniekunstadelt.nl\/index.php?rest_route=\/wp\/v2\/pages\/1695\/revisions\/2493"}],"wp:attachment":[{"href":"https:\/\/harmoniekunstadelt.nl\/index.php?rest_route=%2Fwp%2Fv2%2Fmedia&parent=1695"}],"curies":[{"name":"wp","href":"https:\/\/api.w.org\/{rel}","templated":true}]}}